{"id":195,"date":"2021-12-24T16:04:23","date_gmt":"2021-12-24T15:04:23","guid":{"rendered":"https:\/\/f574sjss.web29.alfahosting-server.de\/?page_id=195"},"modified":"2022-05-25T11:58:36","modified_gmt":"2022-05-25T10:58:36","slug":"links","status":"publish","type":"page","link":"https:\/\/freieselbsthilfelauf.de\/?page_id=195","title":{"rendered":"Links"},"content":{"rendered":"\n<h2 class=\"wp-block-heading\" id=\"beratungsstellen\">Beratungsstellen:<\/h2>\n\n\n\n<p><strong>Kiss N\u00fcrnberger Land<\/strong><br>Unterer Markt 2<br>91217 Hersbruck<br>Telefon: (09151)90 84 494<br>Fax: (09151) 90 84 515<br><a href=\"mailto:nuernberger-land@kiss-mfr.de\">E.-Mail<\/a><br><a href=\"http:\/\/kiss-mfr.de\/kontaktstelle-nuernberger-land\" data-type=\"URL\" data-id=\"kiss-mfr.de\/kontaktstelle-nuernberger-land\" target=\"_blank\" rel=\"noreferrer noopener\">Homepage<\/a><\/p>\n\n\n\n<hr class=\"wp-block-separator has-css-opacity\"\/>\n\n\n\n<p><strong>Suchtberatung &#8211; Diakonie N\u00fcrnberger Land \/ Neumarkt<\/strong><br>Amberger Stra\u00dfe 27<br>91217 Hersbruck<br>Telefon: (09151) 90 87 676<br><a href=\"mailto:suchtberatung@diakonie-ahn.de\">E.-Mail<\/a><br><a href=\"https:\/\/www.diakonie-ahn.de\/beratung-notlagen\/suchtberatung\/\" target=\"_blank\" rel=\"noreferrer noopener\">Homepage<\/a><\/p>\n\n\n\n<hr class=\"wp-block-separator has-css-opacity\"\/>\n\n\n\n<p><strong>Caritas Fachambulanz f\u00fcr Suchtprobleme<\/strong><br>Dreifaltigkeitsstra\u00dfe 3<br>92224 Amberg<br>Telefon: (09621) 47 55 40<br><a href=\"mailto:suchtberatung@diakonie-ahn.de\">E<\/a><a href=\"mailto:beratung@suchtambulanz-amberg.de\">.-Mail<\/a><br><a href=\"https:\/\/www.caritas-amberg.de\/beraten-und-helfen\/sucht\" target=\"_blank\" rel=\"noreferrer noopener\">Homepage<\/a><\/p>\n\n\n\n<h2 class=\"wp-block-heading\" id=\"qualifizierte-entgiftungen\"><br>Qualifizierte Entgiftungen<\/h2>\n\n\n\n<p><strong>Frankenalb-Klinik Engelthal<\/strong><br>Reschenbergstra\u00dfe 20<br>91238 Engelthal<br>Telefon: (09158) 926-0 (Pforte)<br><a href=\"https:\/\/www.bezirkskliniken-mfr.de\/standorte-und-kliniken\/engelthal\/\" target=\"_blank\" rel=\"noreferrer noopener\">Homepage<\/a><\/p>\n\n\n\n<hr class=\"wp-block-separator has-css-opacity\"\/>\n\n\n\n<p><strong>Klinikum N\u00fcrnberg<\/strong><br>Prof.-Ernst-Nathan-Stra\u00dfe 1<br>90419 N\u00fcrnberg<br>Telefon: (0911) 398-0 (Auskunft)<br><a href=\"https:\/\/www.klinikum-nuernberg.de\/\" target=\"_blank\" rel=\"noreferrer noopener\">Homepage<\/a><\/p>\n\n\n\n<hr class=\"wp-block-separator has-css-opacity\"\/>\n\n\n\n<p><strong>Krankenhaus Altdorf<br><\/strong>Neumarkter Stra\u00dfe 6<br>90518 Altdorf bei N\u00fcrnberg<br>Telefon: 09187-800-214 oder 09187-800-0<br><a href=\"https:\/\/www.kh-nuernberger-land.de\/unsere-abteilungen\/innere-medizin-altdorf\" target=\"_blank\" rel=\"noreferrer noopener\">Homepage<\/a><\/p>\n\n\n\n<hr class=\"wp-block-separator has-css-opacity\"\/>\n\n\n\n<p><strong>Bezirkskrankenhaus Ansbach<\/strong><br>Feuchtwanger Stra\u00dfe 38<br>91522 Ansbach<br>Telefon: (0981) 4653-0<br><a href=\"https:\/\/www.bezirkskliniken-mfr.de\/standorte-und-kliniken\/ansbach\/\" target=\"_blank\" rel=\"noreferrer noopener\">Homepage<\/a><\/p>\n\n\n\n<hr class=\"wp-block-separator has-css-opacity\"\/>\n\n\n\n<p><strong>Bezirkskrankenhaus Erlangen<\/strong><br>Am Europakanal 71<br>91056 Erlangen<br>Telefon: (09131) 753-0<br><a href=\"https:\/\/www.bezirkskliniken-mfr.de\/standorte-und-kliniken\/erlangen\/\" target=\"_blank\" rel=\"noreferrer noopener\">Homepage<\/a><br><\/p>\n\n\n\n<hr class=\"wp-block-separator has-css-opacity is-style-default\"\/>\n\n\n\n<p><strong>Bezirkskrankenhaus<\/strong> <strong>W\u00f6llershof<\/strong><br>W\u00f6llershof 1<br>92721 St\u00f6rnstein<br>Telefon: (09602) 780<br><a href=\"https:\/\/www.medbo.de\/standorte\/woellershof.html\">Home<\/a><a href=\"https:\/\/www.medbo.de\/standorte\/woellershof.html\" target=\"_blank\" rel=\"noreferrer noopener\">p<\/a><a href=\"https:\/\/www.medbo.de\/standorte\/woellershof.html\">age<\/a><\/p>\n\n\n\n<hr class=\"wp-block-separator has-css-opacity is-style-default\"\/>\n\n\n\n<p><strong>Bezirkskrankenhaus Regensburg<\/strong><br>Universit\u00e4tsstra\u00dfe 84<br>93053 Regensburg <br>Telefon: (0941) 941-0<br><a href=\"https:\/\/www.medbo.de\/kliniken-heime\/psychiatrie-psychotherapie\/regensburg\/\" target=\"_blank\" rel=\"noreferrer noopener\">Homepage<\/a><\/p>\n\n\n\n<hr class=\"wp-block-separator has-css-opacity\"\/>\n\n\n\n<p><strong>Bezirkskrankenhaus Bayreuth<\/strong><br>Nordring 2<br>95445 Bayreuth<br>Telefon: (0921) 283-0<br><a href=\"https:\/\/www.gebo-med.de\/standorte\/bezirkskrankenhaus-bayreuth\/suchtmedizin\" target=\"_blank\" rel=\"noreferrer noopener\">Homepage<\/a><\/p>\n\n\n\n<hr class=\"wp-block-separator has-css-opacity\"\/>\n\n\n\n<p><strong>Bezirkskrankenhaus Rehau<\/strong><br>Fohrenreuther Stra\u00dfe 48<br>95111 Rehau<br>Telefon: (09283) 599-0<br><a href=\"https:\/\/www.gebo-med.de\/standorte\/bezirksklinik-rehau\/suchtmedizin\" target=\"_blank\" rel=\"noreferrer noopener\">Homepage <\/a><\/p>\n\n\n\n<hr class=\"wp-block-separator has-css-opacity\"\/>\n\n\n\n<p><strong>Bezirkskrankenhaus Mainkofen<\/strong><br>94469 Deggendorf<br>Telefon: (09931) 87-0<br><a href=\"https:\/\/www.mainkofen.de\/\" target=\"_blank\" rel=\"noreferrer noopener\">Homepage<\/a><\/p>\n\n\n\n<p><\/p>\n\n\n\n<p><strong>Fachklinik Weibersbrunn<\/strong><br>Hauptstra\u00dfe 280<br>63879 Weibersbrunn<br>Tel.: 06094 9715-0<br><a href=\"https:\/\/www.hephata.de\/fachklinik-weibersbrunn\" target=\"_blank\" rel=\"noreferrer noopener\">Homepage<\/a><br><\/p>\n\n\n\n<p><\/p>\n","protected":false},"excerpt":{"rendered":"<p>Beratungsstellen: Kiss N\u00fcrnberger LandUnterer Markt 291217 HersbruckTelefon: (09151)90 84 494Fax: (09151) 90 84 515E.-MailHomepage Suchtberatung &#8211; Diakonie N\u00fcrnberger Land \/ NeumarktAmberger Stra\u00dfe 2791217 HersbruckTelefon: (09151) 90 87 676E.-MailHomepage Caritas Fachambulanz f\u00fcr SuchtproblemeDreifaltigkeitsstra\u00dfe 392224 AmbergTelefon: (09621) 47 55 40E.-MailHomepage Qualifizierte Entgiftungen Frankenalb-Klinik EngelthalReschenbergstra\u00dfe 2091238 EngelthalTelefon: (09158) 926-0 (Pforte)Homepage Klinikum N\u00fcrnbergProf.-Ernst-Nathan-Stra\u00dfe 190419 N\u00fcrnbergTelefon: (0911) 398-0 (Auskunft)Homepage Krankenhaus &hellip; <a href=\"https:\/\/freieselbsthilfelauf.de\/?page_id=195\" class=\"more-link\"><span class=\"screen-reader-text\">Links<\/span> weiterlesen<\/a><\/p>\n","protected":false},"author":1,"featured_media":0,"parent":0,"menu_order":0,"comment_status":"closed","ping_status":"closed","template":"","meta":{"footnotes":""},"class_list":["post-195","page","type-page","status-publish","hentry"],"_links":{"self":[{"href":"https:\/\/freieselbsthilfelauf.de\/index.php?rest_route=\/wp\/v2\/pages\/195","targetHints":{"allow":["GET"]}}],"collection":[{"href":"https:\/\/freieselbsthilfelauf.de\/index.php?rest_route=\/wp\/v2\/pages"}],"about":[{"href":"https:\/\/freieselbsthilfelauf.de\/index.php?rest_route=\/wp\/v2\/types\/page"}],"author":[{"embeddable":true,"href":"https:\/\/freieselbsthilfelauf.de\/index.php?rest_route=\/wp\/v2\/users\/1"}],"replies":[{"embeddable":true,"href":"https:\/\/freieselbsthilfelauf.de\/index.php?rest_route=%2Fwp%2Fv2%2Fcomments&post=195"}],"version-history":[{"count":15,"href":"https:\/\/freieselbsthilfelauf.de\/index.php?rest_route=\/wp\/v2\/pages\/195\/revisions"}],"predecessor-version":[{"id":240,"href":"https:\/\/freieselbsthilfelauf.de\/index.php?rest_route=\/wp\/v2\/pages\/195\/revisions\/240"}],"wp:attachment":[{"href":"https:\/\/freieselbsthilfelauf.de\/index.php?rest_route=%2Fwp%2Fv2%2Fmedia&parent=195"}],"curies":[{"name":"wp","href":"https:\/\/api.w.org\/{rel}","templated":true}]}}